-30)/(-9)). Let n(x) = -4*x**2 - x - 4359 - 2*x - x**c + 4356. Give n(-4).
9
Let u be 1 - (-4)/(2/1). Let j(o) be the second derivative of -o**3/3 + 2*o**2 - 197*o - 3. What is j(u)?
-2
Let u(d) = -d**2 + d. Suppose -2*g + 4*g = 0. Suppose -3*a + 6 = -g*a. Let n be 4 - (2/a + 2). Give u(n).
0
Let z(u) = -u**3 - 3*u**2 - u. Let l be (-42)/(-15) + 8/40. Suppose 5*j + 3*d = l*j - 16, 0 = -j + d + 2. What is z(j)?
-2
Let d(i) = 5*i**2 + 6*i + 13. Let c(k) = 16*k**2 + 18*k + 40. Let v(a) = 3*c(a) - 10*d(a). Calculate v(-3).
-10
Let m be (-12)/78 - 145/(-520). Let k(j) be the third derivative of 0 + 0*j - 1/3*j**3 - m*j**4 - 4*j**2. What is k(3)?
-11
Let q(u) be the second derivative of u + 0 + 0*u**6 + 0*u**5 + 0*u**2 + 4/3*u**3 - 1/24*u**4 + 1/60*u**7. Let i(l) be the second derivative of q(l). Give i(-1).
-15
Let i(v) = -10*v**2 + 23*v - 45. Let a(k) = 3*k**2 - 8*k + 16. Let j(w) = -7*a(w) - 2*i(w). What is j(6)?
2
Let q(h) = -30*h + 1. Suppose -8 = -18*n - 26. Give q(n).
31
Let d(p) be the second derivative of p**4/6 - p**3 + 227*p. Determine d(4).
8
Suppose -19*s + 14*s = -5. Let q(w) = 7*w**3 + 19*w - w**2 + s - 31*w + 11*w. Suppose 2*i - 4*i + 2 = 0. Determine q(i).
6
Let g(h) = 3*h. Suppose 0 = -64*i + 62*i + 280. Let z = 142 - i. Give g(z).
6
Let p(c) = -2*c + 1. Let s = 650 + -650. Calculate p(s).
1
Let c(s) = -s**3 - 2*s**2 + 1. Let g = 60 + -59. Let h be (-1)/((-4)/(g + -21)) + 4. Give c(h).
0
Let s(l) be the third derivative of -l**5/60 + l**4/12 + 4*l**3 + 4*l**2 - 34*l. Determine s(7).
-11
Let h(b) = -b**3 + 5*b**2 - b + 4. Suppose 0 = 6*l + 7 + 5. Let f be 4 + (-1)/l*2. What is h(f)?
-1
Let r(s) = s**2 + s - 3. Let k be r(3). Let j = -15 + k. Let q(h) = -h**2 - 4*h + 5. Calculate q(j).
-7
Let t = -4 - -18. Suppose -4 = -16*y + t*y. Let k(g) = -g + 1 - 2*g**2 - 4*g**y + 5*g**2 + 0. Give k(-3).
-5
Suppose -3 = -x - 1. Let q(p) = 2*p + 5*p**2 - 2*p**x - p**2. Suppose 0 = -23*h + 25*h + 4. Give q(h).
4
Let p(v) = -v**2 + 8*v + 2. Suppose -4*s = -0*s - 20. Suppose 4*j - 5 = s*l + 2, 55 = 5*j + 3*l. Determine p(j).
2
Let v(n) be the second derivative of n**4/12 + n**3/3 - 7*n**2/2 - 2*n. Let f(c) = -28*c + 79. Let b be f(3). Calculate v(b).
8
Let n be 10 + (-3 + 4)*-1. Let b(d) = -5*d - 22. Let v(t) = 4*t + 22. Let g(q) = -5*b(q) - 6*v(q). Give g(n).
-13
Let x(u) = u**3 + 4*u**2 + 4*u. Let q = 18 + 7. Let g = -28 + q. Determine x(g).
-3
Let l(v) = v**3 - v**2 - 1. Let p(g) = -g**3 + 2*g**2 - g + 2. Let o(t) = 3*l(t) + 2*p(t). Suppose 0 = -0*u + 5*u - 30. Let k = u + -8. Determine o(k).
1
Let z(n) = n - 10. Suppose -2*w - 44 = -6*w. Suppose -3*k + w - 11 = 0. Determine z(k).
-10
Let z(f) be the third derivative of -f**5/60 - f**4/3 - f**3/3 + 370*f**2. What is z(-9)?
-11
Let k = 281 + -272. Let z(j) = 2*j + 4. What is z(k)?
22
Let f = 139/12 + -45/4. Let i(l) be the third derivative of f*l**3 - 1/12*l**4 + l**2 + 0 + 0*l. Give i(-3).
8
Let i(n) be the second derivative of -3*n**3/2 + 4*n**2 + n + 182. What is i(4)?
-28
Let l(f) = 3*f**2 + 11*f + 13. Let n(r) = r**2 + 1. Let p(v) = 4*v**2 - 6*v - 1. Let x(c) = -6*n(c) + p(c). Let w(h) = -6*l(h) - 11*x(h). Give w(1).
3
Let r be 1*4 - (-2 - -3). Let l be (24/32)/((-2)/(-16)). Let d(c) = 3*c - r*c + l - c. Determine d(5).
1
Suppose 4*l - l = -2*g + 3, 5*l - 5 = -3*g. Let r(d) = 0*d**2 - 416*d - 3*d**2 - l + 414*d - d**3. Determine r(-2).
-1
Let v be ((-12)/(-10))/(1/5). Suppose 28 = 5*m + 13. Let n(f) = 2 - m + 126*f - 125*f - 4. Calculate n(v).
1
Suppose 0 = -l + 3*i + 5, -4*l + 3*i + 2 = -0. Let p(y) = 8*y - 14*y + 1 + 9*y. Determine p(l).
-2
Let a(m) = -13*m - 25. Let k(x) = -7*x - 13. Let l(h) = 6*a(h) - 11*k(h). Determine l(0).
-7
Let r(o) = -2*o**2 - 2*o - 1. Let a = 77 + -74. Calculate r(a).
-25
Let t be (-24)/(-10)*(12/(-8) + 4). Let y(g) = -g**3 + 3*g**2 + 5*g - 1. Let q be y(4). Let z(d) = -3*d - 4*d + 8 + 0*d + q*d. Determine z(t).
-16
Let o(q) = -q**2 + 6*q + 4. Let n be (1/3)/(1/9). Suppose 4*y - n*t = 32, 3*y + 4*t + 1 = -0. Determine o(y).
9
Let h(t) be the third derivative of -7*t**5/120 + t**4/24 - t**3/6 + 3*t**2. Let o(i) be the first derivative of h(i). Let l be (3/(-2) + 1)*2. What is o(l)?
8
Let z(d) = -d**3 - 9*d**2 - 8*d + 9. Suppose -10*b = -22*b - 96. Determine z(b).
9
Let v be 2/(2/2 - 3). Let c(w) be the first derivative of w + 1 + 7/3*w**3 + w**2. What is c(v)?
6
Let p(b) = -3*b**3 + 2*b + 9. Let a(l) = -5*l**3 - 2*l**2 + 5*l + 17. Let m(c) = 4*a(c) - 7*p(c). Let n = 0 + 7. Calculate m(n).
-2
Suppose 2*t + 7*p - 2*p = 19, 2*p + 33 = 5*t. Let o(d) = d**3 - 6*d**2 - 7*d + 3. Let m be o(t). Let h(v) = -v**3 + 3*v**2 + 2*v + 2. Give h(m).
8
Let o be 12 + -9 + (2 - 5/1). Let d(z) = -3 + 2 - z**2 + z - z**3 + 0*z. What is d(o)?
-1
Let g = 28 + -33. Let i(v) = -5*v**2 - 3*v + 2*v + 197*v**3 - 198*v**3 + 3. Give i(g).
8
Let z(i) = 11*i + 3. Let u(b) = -2*b - 22. Let h be u(-10). Let f(n) = 2*n + 2. Let p be f(h). What is z(p)?
-19
Let h = -1686 - -1678. Let m(l) = l**3 + 9*l**2 + 9*l - 4. Give m(h).
-12
Let n(j) = j**3 + 10*j**2 + 23*j + 3. Let t be n(-6). Suppose 21*b - t = 24*b. Let s(y) = y**3 + 4*y**2 + 5*y + 2. Determine s(b).
-4
Let i be ((-33)/(-3))/(3/3). Suppose 2*o + 3*j + 9 = 0, 5*o + i = o + j. Let z(l) = -3*l. What is z(o)?
9
Let c(x) = x. Let a(o) = o**3 - 14*o**2 + 10*o + 45. Let u be a(13). Calculate c(u).
6
Suppose -w - 4*m + 6 + 11 = 0, -2*w + 5*m = -8. Let v(l) = -4 - 22 + 10 + 18 + 8*l - l**2. What is v(w)?
-7
Let i(x) = -x**3 - 11*x**2 + 13*x + 5. Let n(v) = -v**2 + v. Let p(s) = -s**2 - 7*s + 19. Let h be p(-9). Let t(y) = h*i(y) - 6*n(y). What is t(-6)?
-1
Suppose -5*u + 3*a + 16 = 0, 2*a - a - 3 = 0. Suppose -u*f + 35 = 3*l, 5*f - 31 = -2*l - 1. Let v(y) = -3*y**2 - y - 2*y**2 + f*y**2. Calculate v(-1).
0
Let t = 260 - 153. Let c = 100 - t. Let q(z) = -z**3 - 6*z**2 + 7*z - 10. Calculate q(c).
-10
Let x(r) = 8*r**2 + r**3 + r**2 - 6*r - 1 - 7*r**2 - 7*r**2. Suppose -g - 10 = -4*m, -2*g = -m - 0*m - 8. Calculate x(g).
-1
Suppose 3*i = -i. Let w = i + -2. Let o(l) = 4. Let t(a) = -a - 2. Let g(p) = 2*o(p) + 4*t(p). What is g(w)?
8
Let w(k) be the second derivative of 9*k + 5/2*k**2 - 1/12*k**4 + 0 - 1/6*k**3. Determine w(-5).
-15
Let o(p) = 3*p**2 - 10*p - 26. Let z(v) = -10 + 5*v - 12*v + 2*v**2 - 7. Let m(r) = -5*o(r) + 8*z(r). Suppose 4*y = -1 - 11, -4*n + 21 = y. Give m(n).
-6
Let x(n) = -n + 3. Let v = 7 - -3. Let h(q) = q + 14. Let t be h(-13). Let p be (0/v)/(-2 + t). What is x(p)?
3
Suppose 68*g = -30*g. Let x(z) = z + 1 + 10 + 10. What is x(g)?
21
Let o(m) = -5*m**2 + 8*m - 2. Let k(g) = -6*g**2 + 8*g. Let w(d) = -4*k(d) + 5*o(d). Determine w(4).
6
Suppose -42*w + 191 = 23. Let i(q) = -q**3 + 5*q**2 - 2*q + 3. Determine i(w).
11
Let r(k) = 8*k + 13. Let s(c) = 7*c + 13. Let x(a) = -4*r(a) + 5*s(a). Let m(v) = -4*v - 21 + 0*v + 2. Let j(h) = 5*m(h) + 7*x(h). Give j(0).
-4
Let k(z) = -z**3 + 2*z**2. Let a(n) = -n**3 - 3*n**2 - 8*n - 8. Let v be a(-4). Let q = -37 + v. Calculate k(q).
-9
Let t = -59 - -60. Let k be (t/2)/(4/64). Let b(f) = f - 9. Calculate b(k).
-1
Let h(c) = -3*c**2 + 5*c - 9. Let k(a) = -2*a**2 + 6*a - 9. Let w(z) = 3*h(z) - 4*k(z). Determine w(-9).
9
Let a be (-60)/(-14) - 20/70. Let t(u) = 13 - u**2 + 0*u - 4*u + a*u. Let g = -5 - -5. Calculate t(g).
13
Let j(p) = 2*p + 14. Let t be j(-8). Let q(u) = -2*u**2 - 5*u - 4. Calculate q(t).
-2
Let h(c) = 2*c - 4. Suppose -3*z - 2*z + 25 = 0. Suppose -z*m = -6 - 9. Calculate h(m).
2
Let u(p) = 31*p - 20. Let y(t) = -17*t + 10. Let l(z) = -6*u(z) - 11*y(z). Determine l(-7).
3
Let h be ((-90)/(-25))/(3/10). Suppose 2*z = -22 + h. Let p(u) = -2*u - 7. Give p(z).
3
Let m(g) = 6*g**3 + 2*g**2 - 4*g - 4. Let y be (-7)/(-3)*(-156)/182. Calculate m(y).
-36
Let j(w) = 6*w**2 + w + 1. Let s(p) = -28*p + 19. Let m be s(4). Let n = 91 + m. Determine j(n).
23
Let r(n) be the third derivative of -n**4/8 - n**3/6 - 3764*n**2. Suppose z - 30 = 6*z. Determine r(z).
17
Let h(r) be the third derivative of -1/12*r**4 + 0 + 0*r - 1/2*r**3 - 4*r**2. Give h(-4).
5
Suppose 3*j = j + 10. Suppose -j*z = -z + 44. Let v = 10 + z. Let t(f) = 10*f**3 + f**2 + f + 1. Give t(v).
-9
Let y = -797 - -803. Let d(g) = g**3 - 6*g**2 + 3*g - 5. What is d(y)?
13
Let o(f) be the second derivative of -f**5/20 + 11*f**4